39136076?
1
What is the tens digit of 293895319?
1
What is the hundred thousands digit of 379750203?
7
What is the millions digit of 138802348?
8
What is the hundreds digit of 491959865?
8
What is the ten thousands digit of 43025367?
2
What is the ten thousands digit of 87195830?
9
What is the hundred thousands digit of 61069591?
0
What is the hundred thousands digit of 883297840?
2
What is the ten thousands digit of 1004419626?
1
What is the ten millions digit of 928218441?
2
What is the ten thousands digit of 3661063326?
6
What is the ten millions digit of 2665399630?
6
What is the hundreds digit of 385915556?
5
What is the units digit of 2788132075?
5
What is the millions digit of 95102797?
5
What is the thousands digit of 127465181?
5
What is the millions digit of 4239704522?
9
What is the hundreds digit of 283741982?
9
What is the hundreds digit of 67788000?
0
What is the tens digit of 71072912?
1
What is the tens digit of 1164458037?
3
What is the hundred thousands digit of 2746785645?
7
What is the ten millions digit of 2539674066?
3
What is the hundreds digit of 9982021?
0
What is the thousands digit of 108392691?
2
What is the ten millions digit of 61431440?
6
What is the millions digit of 69360697?
9
What is the millions digit of 9945661?
9
What is the units digit of 315453783?
3
What is the hundred millions digit of 885100446?
8
What is the hundred thousands digit of 18928643?
9
What is the thousands digit of 1797938649?
8
What is the hundreds digit of 1187234?
2
What is the thousands digit of 422005937?
5
What is the units digit of 1329795694?
4
What is the ten millions digit of 1189073969?
8
What is the ten thousands digit of 44192210?
9
What is the tens digit of 443547748?
4
What is the ten thousands digit of 219604784?
0
What is the billions digit of 1104001741?
1
What is the millions digit of 31164101?
1
What is the hundred thousands digit of 974827778?
8
What is the ten thousands digit of 68722045?
2
What is the tens digit of 149210851?
5
What is the hundred thousands digit of 552742080?
7
What is the units digit of 644707342?
2
What is the hundred thousands digit of 648083?
6
What is the ten millions digit of 922155038?
2
What is the millions digit of 137459492?
7
What is the hundred thousands digit of 36200814?
2
What is the hundred thousands digit of 34608845?
6
What is the hundreds digit of 39717639?
6
What is the units digit of 3822489229?
9
What is the ten millions digit of 118397248?
1
What is the billions digit of 3092678684?
3
What is the tens digit of 1230516694?
9
What is the hundred millions digit of 3887086526?
8
What is the billions digit of 1216827706?
1
What is the hundreds digit of 28412204?
2
What is the millions digit of 129793657?
9
What is the thousands digit of 247354768?
4
What is the hundreds digit of 43196354?
3
What is the millions digit of 70128634?
0
What is the hundred millions digit of 2365852882?
3
What is the tens digit of 12253906?
0
What is the tens digit of 663814076?
7
What is the ten millions digit of 135679695?
3
What is the hundreds digit of 53207960?
9
What is the tens digit of 66552345?
4
What is the hundred thousands digit of 2914378774?
3
What is the tens digit of 1714490106?
0
What is the hundred thousands digit of 133568231?
5
What is the ten millions digit of 1105654616?
0
What is the tens digit of 15015755?
5
What is the hundred millions digit of 1468741472?
4
What is the ten thousands digit of 1924651485?
5
What is the thousands digit of 133576517?
6
What is the millions digit of 3164394245?
4
What is the hundred millions digit of 174601503?
1
What is the hundreds digit of 22350780?
7
What is the millions digit of 5414775528?
4
What is the tens digit of 62268509?
0
What is the units digit of 484491770?
0
What is the units digit of 208930527?
7
What is the ten thousands digit of 224138272?
3
What is the ten thousands digit of 232896777?
9
What is the billions digit of 2215439362?
2
What is the billions digit of 1231126531?
1
What is the millions digit of 905409785?
5
What is the ten millions digit of 174050644?
7
What is the ten millions digit of 1195177802?
9
What is the tens digit of 427505904?
0
What is the hundreds digit of 102723527?
5
What is the units digit of 34980786?
6
What is the units digit of 88210887?
7
What is the ten thousands digit of 61866522?
6
What is the tens digit of 75103733?
3
What is the tens digit of 2570252278?
7
What is the thousands digit of 1994175216?
5
What is the ten millions digit of 405672161?
0
What is the hundreds digit of 441665668?
6
What is the millions digit of 2102700679?
2
What is the millions digit of 181752198?
1
What is the hundreds digit of 1416616712?
7
What is the tens digit of 8308815?
1
What is the tens digit of 406448602?
0
What is the tens digit of 986746765?
6
What is the thousands digit of 409704926?
4
What is the tens digit of 93529299?
9
What is the ten millions digit of 2743593778?
4
What is the hundreds digit of 2224956819?
8
What is the hundred thousands digit of 292655220?
6
What is the tens digit of 335090946?
4
What is the hundred millions digit of 2881375123?
8
What is the ten thousands digit of 210315151?
1
What is the hundreds digit of 194976712?
7
What is the thousands digit of 321023752?
3
What is the ten millions digit of 63926141?
6
What is the units digit of 908991730?
0
What is the ten thousands digit of 80787622?
8
What is the hundred thousands digit of 17052180?
0
What is the millions digit of 1185138909?
5
What is the hundreds digit of 61015222?
2
What is the ten millions digit of 198123252?
9
What is the ten millions digit of 515131519?
1
What is the units digit of 1113069507?
7
What is the hundreds digit of 38995920?
9
What is the units digit of 311345088?
8
What is the hundreds digit of 105824846?
8
What is the hundreds digit of 3048122297?
2
What is the millions digit of 24921179?
4
What is the thousands digit of 48862146?
2
What is the millions digit of 2213201936?
3
What is the units digit of 5159735091?
1
What is the millions digit of 112209487?
2
What is the tens digit of 129276041?
4
What is the millions digit of 1184824511?
4
What is the hundred millions digit of 925693283?
9
What is the thousands digit of 1506732?
6
What is the units digit of 60500844?
4
What is the millions digit of 51704586?
1
What is the thousands digit of 480064453?
4
What is the hundreds digit of 8763541?
5
What is the hundreds digit of 5642268533?
5
What is the tens digit of 210694614?
1
What is the hundreds digit of 16578987?
9
What is the tens digit of 39105484?
8
What is the units digit of 11551605?
5
What is the ten thousands digit of 95273171?
7
What is the hundred thousands digit of 2011959192?
9
What is the billions digit of 2004592737?
2
What is the millions digit of 968957650?
8
What is the hundred millions digit of 101600968?
1
What is the hundred millions digit of 885601760?
8
What is the units digit of 2711052651?
1
What is the tens digit of 130480903?
0
What is the thousands digit of 1493203298?
3
What is the tens digit of 153639593?
9
What is the tens digit of 592403820?
2
What is the hundreds digit of 5974516849?
8
What is the millions digit of 90711457?
0
What is the millions digit of 730472875?
0
What is the hundred thousands digit of 127612287?
6
What is the ten millions digit of 86788760?
8
What is the thousands digit of 77655488?
5
What is the units digit of 45595205?
5
What is the millions digit of 24672735?
4
What is the hundred thousands digit of 2543701517?
7
What is the units digit of 1124709168?
8
What is the tens digit of 1311955456?
5
What is the thousands digit of 5383647926?
7
What is the units digit of 690013351?
1
What is the hundred millions digit of 1092766260?
0
What is the hundreds digit of 149095142?
1
What is the units digit of 600651894?
4
What is the hundred thousands digit of 452869031?
8
What is the ten millions digit of 662327187?
6
What is the hundred millions digit of 302572228?
3
What is the ten thousands digit of 225799416?
9
What is the hundreds digit of 58879974?
9
What is the millions digit of 50713621?
0
What is the ten thousands digit of 46656160?
5
What is the hundreds digit of 14028283?
2
What is the units digit of 64612564?
4
What is the millions digit of 351258815